 1 + 3*b**3 - 2*b**2. What is the remainder when 39 is divided by z(2)?
11
Calculate the remainder when 3 - (2 + 60/(-1)) is divided by 16.
13
Let y be 0/4 + (5 - 3). Suppose -14 = -y*m + 4*i + 30, 2*i + 46 = 3*m. Calculate the remainder when 45 is divided by m.
9
Let u = 192 - 168. Calculate the remainder when 92 is divided by u.
20
Let g be 9/(-6)*634/(-3). Let s be g/(-3) - (-8)/12. Let m = -60 - s. Calculate the remainder when m is divided by 16.
13
Suppose -5*t - 29 = -2*d, -5*t + 10*t + 5 = 0. What is the remainder when d is divided by 8?
4
Suppose 2*f - 4 = 14. What is the remainder when f is divided by 3?
0
Let f(c) = 33*c**3 - c**2 - c + 1. What is the remainder when 127 is divided by f(1)?
31
Suppose -75 = -4*l + 5. What is the remainder when 77 is divided by l?
17
Let a(m) = -m**3 - 5*m**2 + 6*m + 3. Let k be a(-6). Suppose k*x - 2*o - 3*o = 144, 0 = -x + 5*o + 38. What is the remainder when x is divided by 18?
17
Let l be -38*(-3)/(-12)*-2. Suppose -3*w + 0*w = 4*x + l, x = w + 4. Calculate the remainder when 16 is divided by (1 - -1) + x - -8.
7
Let i = -9 + 11. Suppose -i*d + 53 = -0*x + x, -62 = -2*d - 4*x. What is the remainder when d is divided by 13?
12
Let t be 3 + -2 + 2 + 45. Let j = t - 25. Calculate the remainder when j is divided by 6.
5
Let n be 17*1 - (2 + 0). Let j be (-3)/(-15) + 42/n. Suppose t = -4*q + j*t + 12, -q - t = 0. What is the remainder when 3 is divided by q?
1
Let p(j) be the first derivative of 7*j**2 + j - 4. What is the remainder when p(2) is divided by -2 + 0 + 24/2?
9
Suppose 0*w = -w + 3. Let f(n) = 2*n**2 - 3*n + 3. Let s be f(w). Let a = 13 + s. What is the remainder when a is divided by 7?
4
Let i = 423 - 244. What is the remainder when i is divided by 7?
4
Let b(a) = a - 2. Let i be -52*(1/(-2) - 0). Suppose -4*v = -2*p - i, -2*v + 8 = -3*p - 11. Calculate the remainder when v is divided by b(5).
2
Suppose 0 = m - 17 - 9. Let r = 36 - 22. Calculate the remainder when m is divided by r.
12
Let d(n) = -4*n**2 + 9. Let f(x) = x**2 + x - 1. Let p(r) = d(r) + 5*f(r). Let h be p(-6). Suppose a + h = 6*a. What is the remainder when 6 is divided by a?
0
Let k = 7 - 3. What is the remainder when 6 is divided by k?
2
Let d(i) = -2*i - 8. Let a be d(-8). Suppose t = -1, -5*t = -a*n + 4*n + 149. Suppose 6*v = 4*v + n. Calculate the remainder when 35 is divided by v.
17
What is the remainder when 84 is divided by (-6)/(-4)*(-136)/(-12)?
16
Calculate the remainder when 48 is divided by 18/(-5)*(3 + -13)/2.
12
Let f(i) = i**3 + 7*i**2 + 7*i + 7. Let k be f(-6). Suppose -2*z + k = -23. Calculate the remainder when 33 is divided by z.
9
Let g(i) = -4*i + 3. Suppose 0 = k - 5*k - 12. Calculate the remainder when 44 is divided by g(k).
14
Let r be (1/(-3))/(3/18). Suppose y - 3 = -1. Calculate the remainder when (r/5)/(y/(-50)) is divided by 6.
4
Suppose -10*g + 48 = -2*g. Calculate the remainder when 21 is divided by g.
3
Let q(s) = s**2 + 7*s - 10. Let f be q(-9). Let y = 5 + f. Suppose i = 2*i - 24. Calculate the remainder when i is divided by y.
11
Suppose -21 = -3*h + 9. Let a be (-128)/(-10) + 1/5. Suppose -w + a = -x - 11, -4*w - 4*x = -56. Calculate the remainder when w is divided by h.
9
Let j(b) = 2*b**2 + 9*b - 1. What is the remainder when j(-7) is divided by 9?
7
Calculate the remainder when 4/5*510/12 is divided by 18.
16
Let f = 126 - 120. Suppose -76 = -4*v + 4*u, -4*v - u + 67 = 1. What is the remainder when v is divided by f?
5
Suppose 1 + 11 = 2*h. Let n(f) = 3*f**2 - 1. What is the remainder when n(-2) is divided by h?
5
Suppose 5*x - 3*u = 63, -34 = -3*x - 2*u - 0. Let q = 25 - 4. Calculate the remainder when q is divided by x.
9
Suppose -23 = -5*n + 132. Let v = n + -9. Calculate the remainder when v is divided by 5.
2
Suppose -3*p - p = -a + 16, 2*p = a - 12. What is the remainder when 15 is divided by a?
7
Suppose 4*c - 176 + 12 = 0. Suppose -3*n + c + 109 = 0. Calculate the remainder when n is divided by 13.
11
Let t(p) = -6*p + 32. Calculate the remainder when t(-17) is divided by 46.
42
Let s be 192/8 - (1 + 2). Let u = -6 + s. Calculate the remainder when 44 is divided by u.
14
Let j(g) = 7*g - 8. Let r = -14 + 28. Calculate the remainder when j(9) is divided by r.
13
Suppose -3*g = -14 - 7. Let m(r) be the second derivative of -r**4/12 + 4*r**3/3 - 5*r**2/2 - 6*r. What is the remainder when 3 is divided by m(g)?
1
Let c(a) = -a**3 + 15*a**2 - 14*a + 3. Calculate the remainder when c(14) is divided by 3.
0
Let f be (-2)/(1 - 6/4). Suppose -7*i = -2*i + f*v - 44, -3*i - v = -25. Calculate the remainder when 31 is divided by i.
7
What is the remainder when 8 is divided by 1 - 6/((-12)/4)?
2
Let b be (5/2)/(2/16). Let j be (-3)/18*2*-105. Let q = j - b. What is the remainder when q is divided by 4?
3
Let x = 7 + -5. Suppose 0 = -x*v + 4*v + 58. Let c = -12 - v. Calculate the remainder when 33 is divided by c.
16
Suppose 0 = 3*o + 85 + 56. What is the remainder when o/(-2) + (-3)/6 is divided by 12?
11
Let c = -6 + 9. Suppose -4*p + 35 = i, 0*p + 64 = 4*i - c*p. Let l = -3 - -10. Calculate the remainder when i is divided by l.
5
Suppose 5*d - 5*g = 310, -2*g = -d + 55 + 2. Suppose 3*u + v = d, -4*u + 3*u = -v - 25. Calculate the remainder when u is divided by 8.
7
Let y be (4/3)/(4/(-12)). Let s(n) = -n**3 + 5*n**2 + 3*n + 2. What is the remainder when s(5) is divided by 11 + 4/2 + y?
8
Let h(t) = -3*t**2 - 1. Suppose 0 = -5*w + 10 - 5. Let v be h(w). Let y(n) = n**2 + 2*n. What is the remainder when 14 is divided by y(v)?
6
Suppose -4*h - 1 = 23. Let w = h + 13. What is the remainder when 19 is divided by w?
5
Let z = 27 - 21. Calculate the remainder when 11 is divided by z.
5
Suppose 3*z - 28 = -5*t, -t - 2*t = 4*z - 30. Let o = -8 + z. Calculate the remainder when 1*(-74)/o - -1 is divided by 20.
18
Suppose 45 = 2*m + 3*b - 59, 3*b = -3*m + 150. Let i = m + -23. Suppose -5*t + 107 + 228 = 0. What is the remainder when t is divided by i?
21
Let f be 19/5 + 1/5. Let h = 13 + f. Suppose 2*r - c - 96 = 0, 0 = -r - 5*c - 0*c + 70. What is the remainder when r is divided by h?
16
Let x(j) = j - 2. Calculate the remainder when 5 is divided by x(6).
1
Suppose 5*k - k - 64 = 0. What is the remainder when 47 is divided by k?
15
What is the remainder when 28 is divided by (-334)/(-22) + 6/(-33)?
13
Suppose 2 + 46 = 4*o. Suppose o = b - 2. Calculate the remainder when b is divided by 8.
6
Let i be (-240)/9 - (-2)/3. Let l = i - -46. Suppose -2*o = 3*a - 7, -14 = 5*a + 11. What is the remainder when l is divided by o?
9
Suppose 95 = 2*j + 3*j. Let r = -14 + j. Calculate the remainder when 19 is divided by r.
4
Let r(v) = -v**3 + 3*v**2 - v. Let j be r(3). Let a = j + 18. Calculate the remainder when 3 + 0 + -6 - -31 is divided by a.
13
Suppose 2*h - 6 = 3*r - 58, 3*h = -4*r + 75. What is the remainder when 34 is divided by r?
16
Let o = -5 + 5. Suppose o = -f - 43 + 108. Suppose 3*z = 8*z - f. What is the remainder when 24 is divided by z?
11
Let a(r) = -4*r**3 - 4*r**2 - 2*r + 1. Let p = 2 - -10. What is the remainder when a(-2) is divided by p?
9
Suppose 4*s = 86 - 10. What is the remainder when s is divided by 5?
4
Suppose 0 = -3*c + c + 12. Calculate the remainder when 11 is divided by c.
5
What is the remainder when 3 is divided by 2 + (3 + -3 - 0)/(-2)?
1
Let m(f) = -5*f + 3. What is the remainder when 65 is divided by m(-4)?
19
Let z = 33 + -23. Let x = -8 + z. Calculate the remainder when 3 is divided by x.
1
Suppose -7*t + 39 = -4*t. Let w(g) = 2*g - 5. Calculate the remainder when w(t) is divided by 8.
5
Let v = 5 + 3. What is the remainder when v is divided by (5/(-6))/(2/(-12))?
3
Let x be 2/3*564/8. Let v = x - 29. What is the remainder when v is divided by 7?
4
Suppose 16 = 6*n - 4*n. What is the remainder when n is divided by 5?
3
Let z = 6 + 7. Calculate the remainder when 1526/30 - (-20)/150 is divided by z.
12
Let l = -10 + 16. Suppose n = -5, 5*s - l*n = -2*n + 115. What is the remainder when 56 is divided by s?
18
Suppose 3*h = -1 + 4, 2*c = -3*h + 15. Let g = 9 + -31. Calculate the remainder when c is divided by 16/14*(-77)/g.
2
Suppose -15 = -3*q - 2*q. Suppose 4*j - 53 = 3*w, -3*j = -6*j - q*w + 24. What is the remainder when 20 is divided by j?
9
Let n(x) = 34*x - 1. Ca